{"id":9,"date":"2023-04-06T19:21:35","date_gmt":"2023-04-06T17:21:35","guid":{"rendered":"https:\/\/autohaus-haeseli.at\/?page_id=9"},"modified":"2026-03-20T18:20:37","modified_gmt":"2026-03-20T16:20:37","slug":"startseite","status":"publish","type":"page","link":"https:\/\/autohaus-haeseli.at\/","title":{"rendered":"Willkommen beim Autohaus H\u00e4seli GmbH"},"content":{"rendered":"\n<figure class=\"wp-block-table\"><table><tbody><tr><td><strong>KFZ-Service und Fahrzeugtechnik in Rankweil.<\/strong><br><br>Als autorisierter Honda-Servicepartner bieten wir Wartung, Reparatur und pers\u00f6nliche Betreuung f\u00fcr Ihr Fahrzeug.<br>Direkte Abl\u00e4ufe, klare Kommunikation und saubere Arbeit.<br><br><strong>Ein Fahrzeug muss man nicht nur sehen, sondern erleben.<\/strong><br><br>Probefahrten und individuelle Beratung direkt vor Ort, abgestimmt auf Ihre Anforderungen.<\/td><\/tr><\/tbody><\/table><\/figure>\n","protected":false},"excerpt":{"rendered":"<p>KFZ-Service und Fahrzeugtechnik in Rankweil. Als autorisierter Honda-Servicepartner bieten wir Wartung, Reparatur und pers\u00f6nliche Betreuung f\u00fcr Ihr Fahrzeug.Direkte Abl\u00e4ufe, klare Kommunikation und saubere Arbeit. Ein Fahrzeug muss man nicht nur sehen, sondern erleben. Probefahrten und individuelle Beratung direkt vor Ort, abgestimmt auf Ihre Anforderungen.<\/p>\n","protected":false},"author":1,"featured_media":0,"parent":0,"menu_order":0,"comment_status":"closed","ping_status":"closed","template":"","meta":{"footnotes":""},"class_list":["post-9","page","type-page","status-publish","hentry"],"yoast_head":"<!-- This site is optimized with the Yoast SEO plugin v27.5 - https:\/\/yoast.com\/product\/yoast-seo-wordpress\/ -->\n<title>Willkommen beim Autohaus H\u00e4seli GmbH - Autohaus H\u00e4seli GmbH<\/title>\n<meta name=\"robots\" content=\"index, follow, max-snippet:-1, max-image-preview:large, max-video-preview:-1\" \/>\n<link rel=\"canonical\" href=\"https:\/\/autohaus-haeseli.at\/\" \/>\n<meta property=\"og:locale\" content=\"de_DE\" \/>\n<meta property=\"og:type\" content=\"article\" \/>\n<meta property=\"og:title\" content=\"Willkommen beim Autohaus H\u00e4seli GmbH - Autohaus H\u00e4seli GmbH\" \/>\n<meta property=\"og:description\" content=\"KFZ-Service und Fahrzeugtechnik in Rankweil. Als autorisierter Honda-Servicepartner bieten wir Wartung, Reparatur und pers\u00f6nliche Betreuung f\u00fcr Ihr Fahrzeug.Direkte Abl\u00e4ufe, klare Kommunikation und saubere Arbeit. Ein Fahrzeug muss man nicht nur sehen, sondern erleben. Probefahrten und individuelle Beratung direkt vor Ort, abgestimmt auf Ihre Anforderungen.\" \/>\n<meta property=\"og:url\" content=\"https:\/\/autohaus-haeseli.at\/\" \/>\n<meta property=\"og:site_name\" content=\"Autohaus H\u00e4seli GmbH\" \/>\n<meta property=\"article:modified_time\" content=\"2026-03-20T16:20:37+00:00\" \/>\n<meta name=\"twitter:card\" content=\"summary_large_image\" \/>\n<meta name=\"twitter:label1\" content=\"Gesch\u00e4tzte Lesezeit\" \/>\n\t<meta name=\"twitter:data1\" content=\"1\u00a0Minute\" \/>\n<script type=\"application\/ld+json\" class=\"yoast-schema-graph\">{\"@context\":\"https:\\\/\\\/schema.org\",\"@graph\":[{\"@type\":\"WebPage\",\"@id\":\"https:\\\/\\\/autohaus-haeseli.at\\\/\",\"url\":\"https:\\\/\\\/autohaus-haeseli.at\\\/\",\"name\":\"Willkommen beim Autohaus H\u00e4seli GmbH - Autohaus H\u00e4seli GmbH\",\"isPartOf\":{\"@id\":\"https:\\\/\\\/autohaus-haeseli.at\\\/#website\"},\"datePublished\":\"2023-04-06T17:21:35+00:00\",\"dateModified\":\"2026-03-20T16:20:37+00:00\",\"breadcrumb\":{\"@id\":\"https:\\\/\\\/autohaus-haeseli.at\\\/#breadcrumb\"},\"inLanguage\":\"de\",\"potentialAction\":[{\"@type\":\"ReadAction\",\"target\":[\"https:\\\/\\\/autohaus-haeseli.at\\\/\"]}]},{\"@type\":\"BreadcrumbList\",\"@id\":\"https:\\\/\\\/autohaus-haeseli.at\\\/#breadcrumb\",\"itemListElement\":[{\"@type\":\"ListItem\",\"position\":1,\"name\":\"Startseite\",\"item\":\"https:\\\/\\\/autohaus-haeseli.at\\\/\"},{\"@type\":\"ListItem\",\"position\":2,\"name\":\"Willkommen beim Autohaus H\u00e4seli GmbH\"}]},{\"@type\":\"WebSite\",\"@id\":\"https:\\\/\\\/autohaus-haeseli.at\\\/#website\",\"url\":\"https:\\\/\\\/autohaus-haeseli.at\\\/\",\"name\":\"Autohaus H\u00e4seli GmbH\",\"description\":\"\",\"potentialAction\":[{\"@type\":\"SearchAction\",\"target\":{\"@type\":\"EntryPoint\",\"urlTemplate\":\"https:\\\/\\\/autohaus-haeseli.at\\\/?s={search_term_string}\"},\"query-input\":{\"@type\":\"PropertyValueSpecification\",\"valueRequired\":true,\"valueName\":\"search_term_string\"}}],\"inLanguage\":\"de\"}]}<\/script>\n<!-- \/ Yoast SEO plugin. -->","yoast_head_json":{"title":"Willkommen beim Autohaus H\u00e4seli GmbH - Autohaus H\u00e4seli GmbH","robots":{"index":"index","follow":"follow","max-snippet":"max-snippet:-1","max-image-preview":"max-image-preview:large","max-video-preview":"max-video-preview:-1"},"canonical":"https:\/\/autohaus-haeseli.at\/","og_locale":"de_DE","og_type":"article","og_title":"Willkommen beim Autohaus H\u00e4seli GmbH - Autohaus H\u00e4seli GmbH","og_description":"KFZ-Service und Fahrzeugtechnik in Rankweil. Als autorisierter Honda-Servicepartner bieten wir Wartung, Reparatur und pers\u00f6nliche Betreuung f\u00fcr Ihr Fahrzeug.Direkte Abl\u00e4ufe, klare Kommunikation und saubere Arbeit. Ein Fahrzeug muss man nicht nur sehen, sondern erleben. Probefahrten und individuelle Beratung direkt vor Ort, abgestimmt auf Ihre Anforderungen.","og_url":"https:\/\/autohaus-haeseli.at\/","og_site_name":"Autohaus H\u00e4seli GmbH","article_modified_time":"2026-03-20T16:20:37+00:00","twitter_card":"summary_large_image","twitter_misc":{"Gesch\u00e4tzte Lesezeit":"1\u00a0Minute"},"schema":{"@context":"https:\/\/schema.org","@graph":[{"@type":"WebPage","@id":"https:\/\/autohaus-haeseli.at\/","url":"https:\/\/autohaus-haeseli.at\/","name":"Willkommen beim Autohaus H\u00e4seli GmbH - Autohaus H\u00e4seli GmbH","isPartOf":{"@id":"https:\/\/autohaus-haeseli.at\/#website"},"datePublished":"2023-04-06T17:21:35+00:00","dateModified":"2026-03-20T16:20:37+00:00","breadcrumb":{"@id":"https:\/\/autohaus-haeseli.at\/#breadcrumb"},"inLanguage":"de","potentialAction":[{"@type":"ReadAction","target":["https:\/\/autohaus-haeseli.at\/"]}]},{"@type":"BreadcrumbList","@id":"https:\/\/autohaus-haeseli.at\/#breadcrumb","itemListElement":[{"@type":"ListItem","position":1,"name":"Startseite","item":"https:\/\/autohaus-haeseli.at\/"},{"@type":"ListItem","position":2,"name":"Willkommen beim Autohaus H\u00e4seli GmbH"}]},{"@type":"WebSite","@id":"https:\/\/autohaus-haeseli.at\/#website","url":"https:\/\/autohaus-haeseli.at\/","name":"Autohaus H\u00e4seli GmbH","description":"","potentialAction":[{"@type":"SearchAction","target":{"@type":"EntryPoint","urlTemplate":"https:\/\/autohaus-haeseli.at\/?s={search_term_string}"},"query-input":{"@type":"PropertyValueSpecification","valueRequired":true,"valueName":"search_term_string"}}],"inLanguage":"de"}]}},"_links":{"self":[{"href":"https:\/\/autohaus-haeseli.at\/index.php?rest_route=\/wp\/v2\/pages\/9","targetHints":{"allow":["GET"]}}],"collection":[{"href":"https:\/\/autohaus-haeseli.at\/index.php?rest_route=\/wp\/v2\/pages"}],"about":[{"href":"https:\/\/autohaus-haeseli.at\/index.php?rest_route=\/wp\/v2\/types\/page"}],"author":[{"embeddable":true,"href":"https:\/\/autohaus-haeseli.at\/index.php?rest_route=\/wp\/v2\/users\/1"}],"replies":[{"embeddable":true,"href":"https:\/\/autohaus-haeseli.at\/index.php?rest_route=%2Fwp%2Fv2%2Fcomments&post=9"}],"version-history":[{"count":5,"href":"https:\/\/autohaus-haeseli.at\/index.php?rest_route=\/wp\/v2\/pages\/9\/revisions"}],"predecessor-version":[{"id":55,"href":"https:\/\/autohaus-haeseli.at\/index.php?rest_route=\/wp\/v2\/pages\/9\/revisions\/55"}],"wp:attachment":[{"href":"https:\/\/autohaus-haeseli.at\/index.php?rest_route=%2Fwp%2Fv2%2Fmedia&parent=9"}],"curies":[{"name":"wp","href":"https:\/\/api.w.org\/{rel}","templated":true}]}}